07, 37747
List the prime factors of 1060083954.
2, 3, 73, 806761
What are the prime factors of 21056179?
21056179
What are the prime factors of 728531130?
2, 3, 5, 24284371
List the prime factors of 107307517.
79, 1358323
List the prime factors of 1692156715.
5, 41, 8254423
List the prime factors of 187745701.
11, 13, 1312907
What are the prime factors of 33890473?
29, 1168637
List the prime factors of 54010934.
2, 29, 103, 9041
List the prime factors of 151946592.
2, 3, 7, 173, 1307
What are the prime factors of 179845798?
2, 11, 1607, 5087
What are the prime factors of 887066714?
2, 23, 151, 127709
List the prime factors of 28574611.
13, 569, 3863
List the prime factors of 1113286297.
43, 4783, 5413
What are the prime factors of 88302306?
2, 3, 43, 342257
List the prime factors of 3873573896.
2, 17, 28482161
List the prime factors of 8174745856.
2, 31932601
List the prime factors of 51179641.
647, 79103
What are the prime factors of 129673073?
67, 1935419
What are the prime factors of 765120588?
2, 3, 3089, 20641
What are the prime factors of 129877203?
3, 43292401
List the prime factors of 217174506.
2, 3, 36195751
List the prime factors of 31771080.
2, 3, 5, 11, 71, 113
List the prime factors of 449011131.
3, 41, 3650497
What are the prime factors of 126273487?
19, 1069, 6217
What are the prime factors of 549650412?
2, 3, 23, 127, 5227
What are the prime factors of 77290804?
2, 89, 199, 1091
What are the prime factors of 10999284?
2, 3, 131, 6997
List the prime factors of 10704993.
3, 13, 53, 5179
List the prime factors of 383693153.
23, 16682311
What are the prime factors of 60231768?
2, 3, 521, 4817
List the prime factors of 981975480.
2, 3, 5, 19, 430691
What are the prime factors of 184832281?
109, 1695709
List the prime factors of 129015382.
2, 73, 883667
What are the prime factors of 564604875?
3, 5, 89, 5639
List the prime factors of 2511809138.
2, 43, 2903, 10061
List the prime factors of 606056397.
3, 202018799
List the prime factors of 225684074.
2, 7, 11, 1465481
List the prime factors of 2351821299.
3, 3457, 226769
What are the prime factors of 17766648?
2, 3, 83, 991
List the prime factors of 94344087.
3, 47, 669107
What are the prime factors of 193259603?
193259603
What are the prime factors of 1427688210?
2, 3, 5, 13, 3660739
List the prime factors of 525947130.
2, 3, 5, 5843857
What are the prime factors of 71742587?
7, 31, 330611
What are the prime factors of 818326433?
17, 48136849
What are the prime factors of 1624891907?
1624891907
What are the prime factors of 3498135297?
3, 23, 50697613
List the prime factors of 21844744.
2, 2730593
List the prime factors of 17061162.
2, 3, 2843527
List the prime factors of 153674899.
7, 193, 113749
What are the prime factors of 56906717?
7, 61, 133271
List the prime factors of 1694991343.
2417, 701279
What are the prime factors of 2384208363?
3, 61, 13028461
What are the prime factors of 530513671?
127, 1319, 3167
List the prime factors of 332271230.
2, 5, 33227123
List the prime factors of 28297766.
2, 7, 277, 7297
What are the prime factors of 63617962?
2, 269, 118249
What are the prime factors of 914999856?
2, 3, 19062497
What are the prime factors of 763393556?
2, 53, 3600913
What are the prime factors of 4637499212?
2, 47, 24667549
List the prime factors of 309468174.
2, 3, 23, 97501
What are the prime factors of 29108328?
2, 3, 1212847
What are the prime factors of 626447698?
2, 313223849
List the prime factors of 390934815.
3, 5, 26062321
List the prime factors of 125755625.
5, 201209
List the prime factors of 48869292.
2, 3, 19, 29, 389
What are the prime factors of 206690053?
10079, 20507
List the prime factors of 1641444968.
2, 205180621
List the prime factors of 100671016.
2, 463, 27179
What are the prime factors of 344424297?
3, 7, 16401157
What are the prime factors of 7636236749?
17, 37, 61, 199021
List the prime factors of 1766704348.
2, 5081, 86927
What are the prime factors of 52391486?
2, 7, 534607
What are the prime factors of 553607776?
2, 17300243
List the prime factors of 2648510714.
2, 31817, 41621
What are the prime factors of 880948550?
2, 5, 41, 429731
What are the prime factors of 52782250?
2, 5, 211129
What are the prime factors of 3703866814?
2, 1851933407
What are the prime factors of 97416560?
2, 5, 37, 32911
What are the prime factors of 2176784365?
5, 7, 479, 129841
What are the prime factors of 526748478?
2, 3, 87791413
What are the prime factors of 101793698?
2, 4967, 10247
List the prime factors of 342936206.
2, 17, 19, 530861
List the prime factors of 199189292.
2, 23, 239, 9059
List the prime factors of 177799046.
2, 157, 263, 2153
What are the prime factors of 2416883242?
2, 739, 1033, 1583
What are the prime factors of 32709757?
32709757
List the prime factors of 11649637.
863, 13499
What are the prime factors of 1294337?
11, 19, 563
What are the prime factors of 37672234?
2, 73, 163, 1583
What are the prime factors of 551896614?
2, 3, 2377, 12899
List the prime factors of 19679561.
11, 162641
List the prime factors of 34103209.
7, 61, 79867
What are the prime factors of 56794833?
3, 401, 15737
What are the prime factors of 364542563?
7, 11, 4734319
List the prime factors of 72812242.
2, 31, 389, 3019
List the prime factors of 5245028930.
2, 5, 53, 9896281
What are the prime factors of 307664074?
2, 19, 29, 279187
What are the prime factors of 304124355?
3, 5, 19, 139, 853
What are the prime factors of 3510009?
3, 390001
List the prime factors of 119810870.
2, 5, 11981087
List the prime factors of 59897921.
31, 59, 32749
List the prime factors of 158711415.
3, 5, 53, 199637
List the prime factors of 341343191.
7, 48763313
What are the prime factors of 57297674?
2, 7, 4092691
What are the prime factors of 2290651686?
2, 3, 127258427
What are the prime factors of 191726244?
2, 3, 1775243
List the prime factors of 660906532.
2, 11, 13, 1155431
List the prime factors of 175519113.
3, 7, 11, 101, 7523
What are the prime factors of 2556392584?
2, 5273, 60601
What are the prime factors of 62823366?
2, 3, 3490187
List the prime factors of 503854342.
2, 251927171
What are the prime factors of 38550275?
5, 227, 6793
What are the prime factors of 506245943?
7, 72320849
What are the prime factors of 65079531?
3, 11, 97, 251
List the prime factors of 45489831.
3, 173, 87649
List the prime factors of 52220115.
3, 5, 1160447
What are the prime factors of 3973300023?
3, 7, 11, 79, 217727
List the prime factors of 13628977.
353, 38609
What are the prime factors of 4494702?
2, 3, 101, 7417
List the prime factors of 110587679.
110587679
List the prime factors of 7781016673.
379, 1151, 17837
What are the prime factors of 189906651?
3, 11, 31, 61879
What are the prime factors of 646690071?
3, 431, 443, 1129
What are the prime factors of 229826588?
2, 57456647
What are the prime factors of 41722350?
2, 3, 5, 278149
What are the prime factors of 38021998?
2, 7, 2715857
What are the prime factors of 258125914?
2, 41, 383, 8219
What are the prime factors of 1074314350?
2, 5, 827, 25981
What are the prime factors of 9003194?
2, 107, 42071
What are the prime factors of 15103269?
3, 521, 3221
What are the prime factors of 1120557140?
2, 5, 56027857
List the prime factors of 1162726211.
1613, 720847
What are the prime factors of 973658574?
2, 3, 7, 467, 16547
What are the prime factors of 88943808?
2, 3, 463249
List the prime factors of 315486962.
2, 7, 22534783
What are the prime factors of 29225607?
3, 457, 21317
List the prime factors of 27920027.
2039, 13693
What are the prime factors of 563912154?
2, 3, 13, 109, 22109
What are the prime factors of 202860260?
2, 5, 10143013
What are the prime factors of 145150950?
2, 3, 5, 7, 138239
What are the prime factors of 1462977157?
59, 397, 62459
List the prime factors of 623260442.
2, 7, 44518603
What are the prime factors of 45441586?
2, 22720793
List the prime factors of 42461398.
2, 7, 47, 1373
List the prime factors of 342737977.
4021, 85237
List the prime factors of 175903760.
2, 5, 17, 129341
List the prime factors of 4412405408.
2, 137887669
List the prime factors of 86487169.
239, 361871
What are the prime factors of 8238518959?
11, 19, 1597, 24683
List the prime factors of 2940401653.
7, 181, 331537
List the pri